{"nbFiches":1,"dataPrest":{"infoPrest":{"pave1":{"libelle":"Slogan","contenu":""},"pave2":{"libelle":"Descriptif","contenu":"\u003Cp data-end=\"431\" data-start=\"114\"\u003EThe town of Saint-P&egrave;re-en-Retz is strongly committed to the duty of remembrance. In preparation for a future &ldquo;Place of Remembrance,&rdquo; honouring the men who fought for France, a work by Christian Gu&eacute;my known as C215, a world-renowned stencil artist from the street-art scene was created on the town&rsquo;s walls in 2024.\u003C\/p\u003E\r\n\r\n\u003Cp data-end=\"532\" data-start=\"433\"\u003EIt depicts three icons of the Liberation and reflects our commitment to passing on this memory.\u003C\/p\u003E\r\n\r\n\u003Cp data-end=\"747\" data-start=\"534\"\u003EChristian Gu&eacute;my&rsquo;s work can be found in streets all around the world.\u003Cbr data-end=\"607\" data-start=\"604\" \/\u003E\r\nAn engaged and socially conscious artist, he dedicates his art to humanism, to resisting hatred and intolerance, and to preserving Memory.\u003C\/p\u003E\r\n"},"pave3":{"libelle":"","contenu":""},"pave4":{"libelle":"","contenu":""},"pave5":{"libelle":"","contenu":""},"pave6":{"libelle":"","contenu":""},"pave7":{"libelle":"","contenu":""},"pave8":{"libelle":"","contenu":""},"pave9":{"libelle":"","contenu":""},"pave10":{"libelle":"","contenu":""},"pave11":{"libelle":"","contenu":""},"pave12":{"libelle":"","contenu":""},"pave13":{"libelle":"","contenu":""},"pave14":{"libelle":"","contenu":""},"pave15":{"libelle":"","contenu":""},"pave16":{"libelle":"","contenu":""},"pave17":{"libelle":"","contenu":""},"pave18":{"libelle":"","contenu":""},"pave19":{"libelle":"","contenu":""},"pave20":{"libelle":"","contenu":""},"pave21":{"libelle":"","contenu":""},"pave22":{"libelle":"","contenu":""},"pave23":{"libelle":"","contenu":""},"pave24":{"libelle":"","contenu":""},"pave25":{"libelle":"","contenu":""},"Libelle":"Place of Remembrance","Nom":"Place de la m\u00e9moire","Prenom":"","NomPrenom":"Place de la m\u00e9moire ","CiviliteNomPrenom":"Place de la m\u00e9moire ","Cle":"U|PLACEDELAMEMOIRE","PrestataireParent":"","ContexteStat":"PRESTATAIRE-U-PLACEDELAMEMOIRE","DateModificationIso":"2025-11-24T10:48:00+01:00","Type":"PRESTATAIRE","TypePrestataire":"U","Adresse":{"LigneAdresse1":"place du march\u00e9","LigneAdresse2":"","LigneAdresse3":"","CodePostal":"44320","Ville":"ST PERE EN RETZ","Cedex":"","Etat":"","Pays":"FRA"},"Email":"","Telephone":"02 40 21 70 29","TelephoneBureau":"","Portable":"","SiteWeb":"https:\/\/www.saintpereenretz.fr\/","Fax":"","Id":"u-placedelamemoire","Code":"U|PLACEDELAMEMOIRE","Fichier":{"Image":[{"url":"https:\/\/www.saint-brevin.com\/medias\/images\/prestataires\/dsc-3869-cop-e-9256.jpg","chemin":"..\/medias\/images\/prestataires\/dsc-3869-cop-e-9256.jpg","libelle":"dsc-3869-cop-e-9256","extension":"jpg","categorie":"","largeur":3871,"theme":"","hauteur":2638,"type":"Image","origine":"","liaisonPave":"","langue":"","id":"9256","urlVignette":"https:\/\/www.saint-brevin.com\/medias\/images\/prestataires\/v-dsc-3869-cop-e-9256.jpg","alt":"dsc-3869-cop-e-9256","title":"dsc-3869-cop-e-9256","MultiTaille":{"1920x1440":{"url":"https:\/\/www.saint-brevin.com\/medias\/images\/prestataires\/multitailles\/1920x1440_dsc-3869-cop-e-9256.jpg"},"1200x900":{"url":"https:\/\/www.saint-brevin.com\/medias\/images\/prestataires\/multitailles\/1200x900_dsc-3869-cop-e-9256.jpg"},"800x600":{"url":"https:\/\/www.saint-brevin.com\/medias\/images\/prestataires\/multitailles\/800x600_dsc-3869-cop-e-9256.jpg"},"640x480":{"url":"https:\/\/www.saint-brevin.com\/medias\/images\/prestataires\/multitailles\/640x480_dsc-3869-cop-e-9256.jpg"},"320x240":{"url":"https:\/\/www.saint-brevin.com\/medias\/images\/prestataires\/multitailles\/320x240_dsc-3869-cop-e-9256.jpg"},"160x120":{"url":"https:\/\/www.saint-brevin.com\/medias\/images\/prestataires\/multitailles\/160x120_dsc-3869-cop-e-9256.jpg"},"origine":{"url":"https:\/\/www.saint-brevin.com\/medias\/images\/prestataires\/dsc-3869-cop-e-9256.jpg"}},"urlLien":"","typeLien":"","nofollow":"N","copyright":""}],"ByCategorie":{"":[{"url":"https:\/\/www.saint-brevin.com\/medias\/images\/prestataires\/dsc-3869-cop-e-9256.jpg","chemin":"..\/medias\/images\/prestataires\/dsc-3869-cop-e-9256.jpg","libelle":"dsc-3869-cop-e-9256","extension":"jpg","categorie":"","largeur":3871,"theme":"","hauteur":2638,"type":"Image","origine":"","liaisonPave":"","langue":"","id":"9256","urlVignette":"https:\/\/www.saint-brevin.com\/medias\/images\/prestataires\/v-dsc-3869-cop-e-9256.jpg","alt":"dsc-3869-cop-e-9256","title":"dsc-3869-cop-e-9256","MultiTaille":{"1920x1440":{"url":"https:\/\/www.saint-brevin.com\/medias\/images\/prestataires\/multitailles\/1920x1440_dsc-3869-cop-e-9256.jpg"},"1200x900":{"url":"https:\/\/www.saint-brevin.com\/medias\/images\/prestataires\/multitailles\/1200x900_dsc-3869-cop-e-9256.jpg"},"800x600":{"url":"https:\/\/www.saint-brevin.com\/medias\/images\/prestataires\/multitailles\/800x600_dsc-3869-cop-e-9256.jpg"},"640x480":{"url":"https:\/\/www.saint-brevin.com\/medias\/images\/prestataires\/multitailles\/640x480_dsc-3869-cop-e-9256.jpg"},"320x240":{"url":"https:\/\/www.saint-brevin.com\/medias\/images\/prestataires\/multitailles\/320x240_dsc-3869-cop-e-9256.jpg"},"160x120":{"url":"https:\/\/www.saint-brevin.com\/medias\/images\/prestataires\/multitailles\/160x120_dsc-3869-cop-e-9256.jpg"},"origine":{"url":"https:\/\/www.saint-brevin.com\/medias\/images\/prestataires\/dsc-3869-cop-e-9256.jpg"}},"urlLien":"","typeLien":"","nofollow":"N","copyright":""}]}},"Url":"place-of-remembrance.html","Localisation":{"GoogleMap":{"Latitude":"47.20833","Longitude":"-2.04393"}},"ZoneGeo":"","Criteres":{"NIVPARTENAIRE[COMPLET":"","COMMUNES[SAINTPEREENRETZ":"","AUTOURL[STBREVINSE":"","UTYPC[ART":"","UTYPC[PATRIMILITAIRE":"","UPERSI[UAUPER":"2de Guerre mondiale","UTHMUS[UARTMO":"","UTHMUS[UMILI":"","UTHMUS[UAUTR":"Street Art","LVISI[UVISLI":"","LVISI[UVGL":"","INSPUBMAJ[PASPARTENAIRE":"","MAJINGENIE[DATEDERNIEREMAJ":"20240503","MISEAJOUR[AMANDINE":""},"DateFinPublication":"","PrixAPartirDe":"","PrixPour":"","FicheListeEnCours":"fiche_liste_patrimoine_culturel_v2017","ParametresModele":{"AfficherPhotos":"1","NbPhotosMax":6,"AfficherReserver":0,"AfficherContact":0,"AfficherSalle":1,"AfficherZoneGeo":0,"AfficherEnSavoirPlus":"1","AfficherUneSeuleOuverture":0,"AfficherContactCarte":1,"AfficherTarifsChaudAPartirDe":0,"AfficherTarifChaudSansRecherche":0,"AfficherLiensCarnetVoyage":"1","AfficherOuverture":"0","BlocCritereInfo":{"critere1":{"libelle":""},"critere2":{"libelle":""},"critere3":{"libelle":"LIBELLE_GENERAL"},"critere4":{"libelle":""},"critere5":{"libelle":""},"critere6":{"libelle":""},"critere7":{"libelle":"","liste_critere":["COMMUNES|U"]},"critere8":{"libelle":""},"afficherpictoetpaslibelle":"1"},"Criteres":"NIVPARTENAIRE[COMPLET","PositionBloc":"GALLERIE|NOM|CARNET_VOYAGE|URL","TypePrestataire":"U","ComportementResa":false,"ComportementDispo":false},"AffichageCoordonnees":[],"Coordonnees":{"Ville":"ST PERE EN RETZ"},"ContexteId":"PRESTATAIRE|U|PLACEDELAMEMOIRE","ContexteIdHtml":"PRESTATAIRE-U-PLACEDELAMEMOIRE","cleContexte":"U|PLACEDELAMEMOIRE","Bloc":{"texte1":"","texte3":"","critere1":{"libelle":"","contenu":[]},"critere2":{"libelle":"","contenu":[]},"critere3":{"libelle":"","contenu":[]},"critere4":{"libelle":"","contenu":[]},"critere5":{"libelle":"","contenu":[]},"critere6":{"libelle":"","contenu":[]},"critere7":{"libelle":"","contenu":{"COMMUNES":{"libelle":"Geographical zone","contenu":{"5":"Saint-P\u00e8re en Retz"},"codesValeurs":{"5":"COMMUNES|SAINTPEREENRETZ|U"},"criteres_datas":{"valeurs":{"5":{"SAINTPEREENRETZ":{"descriptif":""}}}}}}},"critere8":{"libelle":"","contenu":[]},"critere9":{"libelle":"","contenu":[]}},"LocalisationGps":{"Latitude":"47.20833","Longitude":"-2.04393"},"libelleDuPrestataire":"","listeCriteres":{"NIVPARTENAIRE":{"COMPLET":""},"COMMUNES":{"SAINTPEREENRETZ":""},"AUTOURL":{"STBREVINSE":""},"UTYPC":{"ART":"","PATRIMILITAIRE":""},"UPERSI":{"UAUPER":"2de Guerre mondiale"},"UTHMUS":{"UARTMO":"","UMILI":"","UAUTR":"Street Art"},"LVISI":{"UVISLI":"","UVGL":""},"INSPUBMAJ":{"PASPARTENAIRE":""},"MAJINGENIE":{"DATEDERNIEREMAJ":"20240503"},"MISEAJOUR":{"AMANDINE":""}},"dansCarnetVoyage":true,"Ouverture":""},"html":" \n \u003Cdiv id=\"CV-PRESTATAIRE-U-PLACEDELAMEMOIRE\" data-contexte-id=\"PRESTATAIRE|U|PLACEDELAMEMOIRE\" data-cle=\"U|PLACEDELAMEMOIRE\" class=\"fiche-liste\"\u003E\n    \n\n    \u003C!-- partie photo --\u003E\n    \u003Cdiv class=\"photo\"\u003E\t\t\t\t\t\t\t\t\t\t\t\t\t\t\t\t\t\t\t\t\t\n        \u003Cdiv class=\"cadre_photo_principale\"\u003E\t\t\n        \n            \t\t\t\t\t\n                    \u003Ca href=\"place-of-remembrance.html?origine=carnet#media\"\u003E\n                        \u003Cimg class=\"photo_principale\" alt=\"dsc-3869-cop-e-9256\" src=\"https:\/\/www.saint-brevin.com\/medias\/images\/prestataires\/multitailles\/320x240_dsc-3869-cop-e-9256.jpg\" itemprop=\"image\"\u003E\n                    \u003C\/a\u003E\t\t\t\t\t\t\n                \n                    \u003C\/div\u003E\t\t\t\t\t\t\t\t\t\t\t\t\t\t\t\t\t\t\t \t\t\n    \u003C\/div\u003E\n    \n    \u003C!-- partie nom prest --\u003E\n    \u003Cdiv class=\"nom\"\u003E\n        \u003Ch2\u003EPlace of Remembrance\u003C\/h2\u003E\n        \n            \u003C\/div\u003E\n\n         \n    \u003C!-- partie adresse --\u003E\n    \u003Cdiv class=\"adresse\"\u003E\n    \n          \n    \u003C\/div\u003E\n    \n    \u003C!-- partie liens --\u003E\n    \u003Cdiv class=\"liens\"\u003E\n            \u003Ca class=\"btn-icon btn-view \" title=\"Read more \" href=\"place-of-remembrance.html?origine=carnet\"\u003E\u003C\/a\u003E\u003C!--\u003Ca class=\"btn-icon btn-view \" title=\"\" href=\"?origine=carnet#thaut\"\u003E\u003C\/a\u003E--\u003E\n      \u003Ca class=\"btn-icon btn-trash carnet_voyage_supprimer\" title=\"Remove to travel notes \" href=\"carnet-voyage?action=remove&fiche=U|PLACEDELAMEMOIRE\"\u003E\u003C\/a\u003E\n    \u003C\/div\u003E\n\n\u003C\/div\u003E\n\n","icon":"https:\/\/static.ingenie.fr\/images\/carnetVoyageV3\/U.png"},"fiche":"U|PLACEDELAMEMOIRE","popup":"\u003Cdiv id=\"bloc_popup_ajout_fiche_carnet\"\u003E\n    \u003Cdiv class=\"info_popup_ajout_fiche_carnet\"\u003E\n        You have added this item to your travel notes :    \u003C\/div\u003E\n    \u003Cdiv class=\"prest_popup_ajout_fiche_carnet\"\u003E\n        Place of Remembrance    \u003C\/div\u003E\n    \u003Cdiv class=\"bloc_btn_ajout_fiche_carnet form_submit_div\"\u003E\n        \u003Cinput type=\"button\" value=\"Continue \" title=\"Continue \" name=\"btn_close\" class=\"btn_close_popup_carnet form_submit\" onclick=\"$.colorbox.close()\" \/\u003E\n        \u003Cinput type=\"button\" value=\"View my travel notes \" title=\"View my travel notes \" name=\"btn_panier\" class=\"btn_panier_popup_carnet form_submit\" onclick=\"if(typeof CarnetVoyage != 'undefined') {CarnetVoyage.voirCarnet();}\" \/\u003E\n    \u003C\/div\u003E\n    \u003Cdiv class=\"bloc_btn_ajout_fiche_carnet\"\u003E\n        \u003Cinput type=\"checkbox\" value=\"1\" name=\"desactiver_popup\" id=\"desactiver_popup\" \/\u003E\n        \u003Clabel for=\"desactiver_popup\"\u003EDo not show this message again \u003C\/label\u003E\n    \u003C\/div\u003E\n\u003C\/div\u003E","success":1}

Place de la mémoire

place du marché

Saint-Père en Retz
